2324042
In base 9, what is -1 + 363856822?
363856821
In base 16, what is -5 + 580ad?
580a8
In base 2, what is 101 - -10101001001110101010111?
10101001001110101011100
In base 12, what is 4 + -1264021?
-1264019
In base 16, what is 4 - -4fa36f?
4fa373
In base 10, what is 48 + 33052?
33100
In base 3, what is 110202 - -2012011?
2122220
In base 10, what is -4622 + 208?
-4414
In base 6, what is 35531524514 - -2?
35531524520
In base 3, what is 1021201020201 - -1120?
1021201022021
In base 16, what is 2 - -639e3?
639e5
In base 13, what is -b41b78 - -30?
-b41b48
In base 14, what is 3 + 11d6502?
11d6505
In base 12, what is -185b8 - -668?
-17b50
In base 12, what is -2727 - -5b?
-2688
In base 6, what is 2 - 1524252?
-1524250
In base 8, what is -10715 + -2663?
-13600
In base 15, what is d9eb3 - ea?
d9db8
In base 10, what is -637916 - -3?
-637913
In base 10, what is -2 + -2919313?
-2919315
In base 3, what is -111201012 - -2000110112?
1111202100
In base 5, what is -104004442 - 12213?
-104022210
In base 6, what is 4143332 + -20?
4143312
In base 6, what is -1510250422 + 3?
-1510250415
In base 9, what is -64222323 - -17?
-64222305
In base 2, what is -10101010001110 + -1000100011101010?
-1011001101111000
In base 3, what is -11 - -2000001122012002?
2000001122011221
In base 10, what is -6 - 5723664?
-5723670
In base 5, what is -10133300310 - -40?
-10133300220
In base 3, what is -102212 + 100201000121?
100200120202
In base 10, what is 20488 - 218?
20270
In base 7, what is 5246556324 + -2?
5246556322
In base 10, what is 9 + 2258141?
2258150
In base 4, what is 3332002000 - 111?
3332001223
In base 8, what is 2031117 + -24?
2031073
In base 9, what is -84 - 2007652?
-2007746
In base 2, what is -1001001 - 110100100100101011?
-110100100101110100
In base 4, what is -2020303103 + -311?
-2020310020
In base 10, what is -17800108 - 16?
-17800124
In base 15, what is 18 - 8a6bd?
-8a6a5
In base 6, what is -10210104 - 3125?
-10213233
In base 12, what is 1b + -131404?
-1313a5
In base 10, what is -12100 - 2558?
-14658
In base 8, what is -2047 - -1500674?
1476625
In base 3, what is -10 - 2001111112221101?
-2001111112221111
In base 4, what is 3 - -12220202322?
12220202331
In base 7, what is 32610205 - 6?
32610166
In base 9, what is -6828080 + -1?
-6828081
In base 8, what is -61177 + 237?
-60740
In base 14, what is -b6c160 + -d?
-b6c16d
In base 15, what is 0 - -e47e2?
e47e2
In base 7, what is -41520 + 212405?
140555
In base 7, what is 4 - 3636360?
-3636353
In base 2, what is 1000111100 - -1001110010000100?
1001111011000000
In base 5, what is -4321400 - 201440?
-10023340
In base 12, what is 1 - 28949a9?
-28949a8
In base 7, what is -2665 + -126363?
-132361
In base 10, what is 3 + -2793087?
-2793084
In base 6, what is -3 + -101012334?
-101012341
In base 7, what is -3 + 224150232?
224150226
In base 8, what is -77 - -6103356?
6103257
In base 7, what is 5166 + -4055?
1111
In base 3, what is -12222120211201 - -12?
-12222120211112
In base 15, what is 3a3 - a2002?
-a1b4e
In base 4, what is -2001101232 + 1323?
-2001033303
In base 8, what is 313026 - -77?
313125
In base 2, what is 1000010010010001101100110 - 10?
1000010010010001101100100
In base 16, what is 127a0 - -1?
127a1
In base 3, what is -10221 - -110220102?
110202111
In base 9, what is 8 + -34684513?
-34684504
In base 10, what is -93 - 17987?
-18080
In base 8, what is -631517010 - 6?
-631517016
In base 6, what is 13325024 + -1?
13325023
In base 2, what is -10111001100 + 1111111?
-10101001101
In base 13, what is -3 - -5462b5a?
5462b57
In base 11, what is -5 - 319449?
-319453
In base 7, what is 10565 - 1225010?
-1214112
In base 2, what is -1001100100000 + -111001110001101?
-1000011010101101
In base 6, what is -2542114123 + -4?
-2542114131
In base 2, what is -100 + -110010110010011001010011?
-110010110010011001010111
In base 13, what is -204a - -348?
-1a02
In base 5, what is 100232 - 1024222?
-423440
In base 11, what is 2 + -244a197?
-244a195
In base 6, what is -3033415005 + 0?
-3033415005
In base 12, what is -1681aa4 - -27?
-1681a79
In base 16, what is 20eb - 45dd?
-24f2
In base 12, what is 3 - 455b925?
-455b922
In base 6, what is -100212 + -425505?
-530121
In base 7, what is -165 + 16331644?
16331446
In base 8, what is -650 + -175266?
-176136
In base 2, what is -101 - -1001011111001110000?
1001011111001101011
In base 4, what is 31133 - 1002331233?
-1002300100
In base 5, what is -4 - -13220144223?
13220144214
In base 2, what is 101100010000100010111 - -111111?
101100010000101010110
In base 4, what is -23310321 + 2323?
-23301332
In base 11, what is -101216677 + -2?
-101216679
In base 6, what is 5 + -102250030?
-102250021
In base 13, what is 19488185 - -1?
19488186
In base 14, what is 303b3a3 + 3?
303b3a6
In base 5, what is 4 + 2330401123?
2330401132
In base 8, what is -3 + -13530627?
-13530632
In base 14, what is -8a5 + 531?
-374
In base 16, what is 20 - -13083?
130a3
In base 14, what is c61 + b5?
d36
In base 10, what is 2024787617 + -4?
2024787613
In base 6, what is 154101411 - -1?
154101412
In base 13, what is 16a4b34 - -58?
16a4b8c
In base 16, what is 8e8 + -923?
-3b
In base 10, what is -100208054 - -1?
-100208053
In base 10, what is 136826092 + -2?
136826090
In base 5, what is 33 - 21204221300?
-21204221212
In base 16, what is -2ff2779 - 1?
-2ff277a
In base 10, what is 322342 + 25?
322367
In base 14, what is -3ad50 + 26?
-3ad28
In base 5, what is -334413 + -413342?
-1303310
In base 7, what is -4 + 114060430?
114060423
In base 6, what is -1255203 - 15314?
-1314521
In base 11, what is 18 - -55723?
55740
In base 12, what is -2ba + -26a79?
-27177
In base 5, what is 231410404 + -4?
231410400
In base 4, what is 1011333 + -3302101?
-2230102
In base 8, what is 13 - 5537763?
-5537750
In base 5, what is -21 - -3341113240?
3341113214
In base 11, what is -1511a8 - 4?
-151201
In base 10, what is 5 - -406794?
406799
In base 15, what is -22 - 2626c?
-2628e
In base 15, what is 56e - 61b?
-9c
In base 9, what is -22871 - -378?
-22482
In base 3, what is -11001111021012 - 1?
-11001111021020
In base 7, what is -6645166 - 13?
-6645212
In base 15, what is -8 - -a572b?
a5723
In base 8, what is 34257 + -263?
33774
In base 10, what is -36971751 + 9?
-36971742
In base 11, what is -a + 23aa353?
23aa344
In base 4, what is 20 - -11111332100?
11111332120
In base 3, what is -2121 + -100020211112?
-100020221010
In base 12, what is 10 + -159712a?
-159711a
In base 8, what is 365 - 6321?
-5734
In base 15, what is -3e9 - 32e0?
-36d9
In base 13, what is -225c40b - -6?
-225c405
In base 12, what is 1b1786 + -5?
1b1781
In base 12, what is 4 - -2329a1?
2329a5
In base 4, what is -120321311131 + -111?
-120321311302
In base 7, what is 430301215 - 4?
430301211
In base 12, what is 3 - -5364260?
5364263
In base 13, what is -14a97 + -1b4?
-14c7b
In base 11, what is 4710 - 41439?
-37829
In base 14, what is 2a1 - b230?
-ad6d
In base 5, what is -31444311 + 1001?
-31443310
In base 7, what is -322526661 - 3?
-322526664
In base 12, what is -2767 - -5479?
2912
In base 13, what is -6748c + -92b?
-680ba
In base 2, what is -10110111110101100101110110 + -11?
-10110111110101100101111001
In base 12, what is 2b5b11 - -4?
2b5b15
In base 4, what is -2312 - -221330230?
221321312
In base 4, what is 1131230 - -12023?
1203313
In base 13, what is -3 + 159198c?
1591989
In base 9, what is 2 + 418506726?
418506728
In base 8, what is 7065 + -162331?
-153244
In base 4, what is 1010 + 2223321?
2230331
In base 8, what is 53223137 - -3?
53223142
In base 12, what is 4 + -62aa0a?
-62aa06
In base 14, what is -a1 - 58944?
-58a05
In base 5, what is 21 - -13023032424?
13023033000
In base 4, what is -122020 - -1220202?
1032122
In base 11, what is 244606 - -7?
244612
In base 9, what is 83512 + -212?
83300
In base 4, what is 30222013330 + -313?
30222013011
In base 16, what is ae5573 - 0?
ae5573
In base 14, what is d152a51 - -5?
d152a56
In base 7, what is -4536645322 + -4?
-4536645326
In base 7, what is 3041664 + -106?
3041555
In base 10, what is 147 + 5297?
5444
In base 3, what is 200020 + -1010010021?
-1002110001
In base 6, what is -11253 - 330?
-12023
In base 10, what is 7731430 - -7?
7731437
In base 11, what is 341 + -13a0?
-105a
In base 10, what is 0 + 15395944?
15395944
In base 3, what is 1002012002 - -211021?
10100